 -15825 - -27977. What is the tens digit of t?
5
Let d(x) = -23*x**3 - 4*x**2 - 49*x - 197. What is the units digit of d(-4)?
7
Suppose 44 = 11*h - 11. Let y(g) = -2*g**3 + 11*g**2 - 9*g + 2. Let z(l) = -l**2 - l. Let p(o) = -y(o) - 3*z(o). What is the tens digit of p(h)?
0
Let g = -63 - -73. Let w be 5 - (-5 + g - 4). Suppose -3*c = -y - 642, 311 = -4*c + w*y + 1175. What is the units digit of c?
3
Suppose -p + r - 510 = 0, 21*p - 19*p + 1030 = -3*r. Let g = -507 - p. What is the units digit of g?
5
Let k be (-494)/(-14) + 212/(-742). What is the units digit of 25880/k + (4/(-7))/(-1)?
0
Suppose 13*m - 12 = 9*m. Suppose 0 = i + m*i - 5*r - 1109, 5*r - 15 = 0. What is the units digit of i?
1
What is the tens digit of -45*(-3 - 92 - 12)?
1
Suppose 0 = 2*f - 4*n - 16, -4*f = -8*f + n + 25. What is the units digit of -2*(0 + 1)*(-218 + f)?
4
Suppose -23*u = -24*u + 2*l + 4314, -l + 8633 = 2*u. What is the tens digit of u?
1
Let k(o) = -o**3 - 8*o**2 + 125*o - 70. What is the units digit of k(-31)?
8
Let n = 64 + -60. Suppose n*r = -5*m + 2242, -3*r - 6*m + 2*m = -1682. Suppose 42 = 10*d - r. What is the units digit of d?
0
Suppose -5*v - 10 = 0, v - 75 - 9 = -2*m. Suppose -2*s - s - 4*f = m, -3*s + 3*f - 15 = 0. Let o(u) = u**2 + 3*u + 19. What is the tens digit of o(s)?
7
Let q = -16153 + 58813. What is the tens digit of q?
6
What is the hundreds digit of 8/(-44) - ((-51020)/11 + 2)?
6
Suppose -4*c - 8 = x, c - 13 = -5*x + x. Suppose 0 = -x*o + 742 + 34. What is the tens digit of o?
9
Suppose -y + 3 = 0, -72*z + 71719 = -67*z - 2*y. What is the thousands digit of z?
4
Suppose -n + 4427 = -61*i + 63*i, -5*i - 4*n = -11072. What is the hundreds digit of i?
2
Suppose -2*z = p + 17, 0 = z + p + 5 + 1. Let b(g) = 7*g - 30. Let q(x) = 6*x - 29. Let u(j) = 2*b(j) - 3*q(j). What is the units digit of u(z)?
1
Let s(x) = 6*x**2 - 108*x - 4365. What is the thousands digit of s(-80)?
2
Let h = 1655 - 468. Suppose 2*u = 4*q + 486, 4*q - h = -8*u + 3*u. What is the tens digit of u?
3
Let w(t) = 4*t + 3*t**3 + 2*t - 4 - 4*t + 2. Let i be w(1). Suppose -3*m + 168 = i*m. What is the units digit of m?
8
Let m = 36 - 31. Suppose 0 = m*x + 6*x - 1012. What is the units digit of x?
2
Let f be (-11)/((-66)/60) - 3. Let x(u) = -2*u**3 + 14*u**2 + 9*u - 24. What is the tens digit of x(f)?
3
Let y(q) = 9 - 6*q - 27 - 5*q + 24*q**2 + 60*q**2. What is the hundreds digit of y(-2)?
3
Let u = -9828 - -26357. What is the thousands digit of u?
6
Let b = 194 + -202. Let a(m) be the second derivative of -7*m**3/6 - 17*m**2 - 6*m. What is the units digit of a(b)?
2
Suppose -5*k = -h - 22, 0 = -h + k - 3 + 1. Suppose -4*u + r = -208, 12 = -0*r - h*r. Let t = 77 - u. What is the units digit of t?
6
Suppose 3*h - 6*h = -5*z + 9, 4*h = 4*z - 4. Let x = 2199 + -2196. Suppose 0 = -0*a - 4*a - x*g + 445, -h*a + g + 225 = 0. What is the tens digit of a?
1
What is the hundreds digit of (-14)/(-105)*(5 - 0) + (-142993)/(-3)?
6
Let v(u) = u**3 + 11*u**2 + u + 24. Let m be v(-11). Let q = m - 9. Suppose 0 = -7*f + 2*f - 4*h + 333, -f + q*h + 57 = 0. What is the tens digit of f?
6
Suppose -4*v - 3*r = -8258, -5*r = -237 + 207. What is the hundreds digit of v?
0
Suppose 70*n - 254106 - 605550 = -77*n. What is the units digit of n?
8
What is the thousands digit of 4852977/610 + 9/30?
7
Let z be (-2)/(-13) - 75*8/(-156). Suppose j = z*w + 37, -3*w - 8 = 1. What is the units digit of j?
5
What is the ten thousands digit of 13 + (-6833252)/(-374) - (-6)/22?
1
Let g(h) = h**2 - 49*h - 93. What is the hundreds digit of g(-7)?
2
Let s(d) = -d**2 + 16*d. Let w be s(12). Suppose 11*m + 40626 = w*m. What is the tens digit of m?
9
Let c be 185/(-30) + -1 + 1/6. What is the units digit of (-615)/(((-72)/(-84))/(4/c))?
0
Suppose q + 25 - 4 = 2*o, -77 = 3*q + o. Let x = 28 + q. Suppose 3*r = x*m + 5*r - 393, -5*m + 2*r = -655. What is the hundreds digit of m?
1
Suppose 4*z + 5*x + 63 = 0, 0 = z + 2*x + 26 - 8. What is the tens digit of 6/3*6*(-573)/z?
7
Suppose -57*b = -108*b + 2284290. What is the hundreds digit of b?
7
Let r(d) = 7*d - 52. Let h be r(16). Suppose -h*j = -58*j - 542. What is the tens digit of j?
7
Suppose 213*x + 308 = 212*x. Let m = 823 + x. What is the units digit of m?
5
Let z(k) be the second derivative of 3*k**4/2 - k**3/6 + 3*k**2/2 + 3*k. Let i be (4/6)/(7/21). What is the tens digit of z(i)?
7
Let l be 1 + (-405)/25*(-2 - 3). Suppose 0*p - 4*p + q = -l, 68 = 3*p - 4*q. Suppose w - 163 - p = 0. What is the units digit of w?
3
Let q = 42 - 42. Suppose q = i + 4*o - 6, -12 = -2*i - o - 4*o. What is the units digit of (i - 5)/(1/4)?
4
Suppose -5*q = a - 76, 0 = -2*q + 4*a - 3 + 29. Suppose 5*j + 8 = -b, 4*j + 5*b + 0 - 2 = 0. What is the tens digit of (-956)/(-10) - 3/q*j?
9
Let a(x) = 22*x**2 + 19*x - 70. What is the units digit of a(-17)?
5
What is the tens digit of (-114852)/(-72) + (30/36 - 1)?
9
Let a = -41 - -44. Let i be 8 - -155 - (a + -1). What is the tens digit of i - (1/1 - 5)?
6
What is the tens digit of 1814650/70 - 7 - (-48)/(-84)?
1
Suppose o = -3*u - 133, -o + 4*o - 85 = 2*u. What is the units digit of (-58883)/u + (-6)/(-8)?
9
Suppose k = 6 - 4. Suppose -2*z + 65 = -4*b + 3*z, k*z - 17 = b. Let u = 4 - b. What is the tens digit of u?
1
Let j(r) = -910*r**3 - 11*r**2 - 55*r - 8. What is the tens digit of j(-4)?
7
Let v = -32 + 36. Suppose v*k + 12 = 8. Let a = k - -27. What is the tens digit of a?
2
Let i(f) = -195*f + 2564. What is the ten thousands digit of i(-117)?
2
Let g be 11/(6 + 5/((-425)/505)). Suppose -g*o + 10387 = -174*o. What is the tens digit of o?
9
Let a(g) be the second derivative of -g**5/5 - 3*g**4/4 - 23*g**3/6 - 15*g**2/2 - 12*g - 2. What is the tens digit of a(-5)?
7
Let z = -90 - -93. Suppose 4352 = z*t + 5*t. Suppose t = 6*y - 2*y - j, 0 = j. What is the units digit of y?
6
Suppose -5*y - j + 5782 = 0, 4*y + j = y + 3470. Suppose 1157*w - 71 = y*w. What is the units digit of w?
1
Let g(i) = 42*i - 4. Let m(t) = -28*t + 13. Let x(p) = -14*p + 7. Let s(l) = 6*m(l) - 11*x(l). Let d(n) = -6*g(n) - 20*s(n). What is the tens digit of d(2)?
6
Let d = -31 - 6. Let t be (-3)/(3/d)*2/2. Let c = 50 - t. What is the tens digit of c?
1
Let t(n) = 4*n**2 - 17*n + 30. Suppose r + 4*d = 2*r - 25, -58 = -4*r + 2*d. What is the tens digit of t(r)?
8
Let c(m) = -m**2 + 10*m - 7. Let y be c(8). Suppose -11*k + 40 = -y*k. What is the tens digit of (675/k)/(3/8)?
9
Let n(h) = -h + 1. Let m be n(-1). Suppose -48 = -9*q + 78. Suppose -a + 5 = -4*v, m*v - q = -5*a + 11. What is the units digit of a?
5
Suppose -27 + 12 = -3*h. Suppose 0 = h*n - 1846 - 1399. What is the units digit of n?
9
What is the tens digit of (-884283)/(-23) + -3 + (-352)/4048?
4
Suppose 2*x = x. Suppose x = 2*v - 71 - 51. Let b = 127 - v. What is the tens digit of b?
6
Let t(v) = 4 - 7 - 25 - 278*v - 36 + 17. What is the units digit of t(-3)?
7
Suppose 333*x - 2006004 - 3833710 = 56*x. What is the units digit of x?
2
Let y be (18/10)/((-18)/960*-8). Suppose 22 = 5*g + y. What is the units digit of g?
2
Suppose -4*m + 431*x = 426*x - 132228, -2*x - 33057 = -m. What is the tens digit of m?
5
Suppose 0 = 10*g + 5*g - 1245. Let o = 509 - g. What is the hundreds digit of o?
4
Let u be (-478)/(-5)*(52 + -27). Suppose -2*j = 3*k - 2932, -3*k = -3*j - 562 - u. What is the units digit of k?
0
Suppose 3*y = 24*y - 42. Suppose 2*m = y*f + 3*f - 1206, 0 = -5*f - 3*m + 1216. What is the hundreds digit of f?
2
Suppose 67 = 4*m - 5*d - 66, 0 = 3*d + 3. Suppose -10143 = -m*o + 44097. What is the units digit of o?
5
Let k = -51 - -54. Suppose -10890 = -k*d + 8094. What is the hundreds digit of (-1)/5 + d/40?
1
What is the thousands digit of (-1)/(4/16) - 1951/(-5 - -4)?
1
Suppose -30 = -28*v + 26. Suppose v*y - 190 = 620. What is the tens digit of y?
0
Let k(a) = a**3 + 3*a**2 + 2*a + 2. Let h be k(-2). Let p be 2 + (34*-2)/h. Let j = 53 + p. What is the units digit of j?
1
Let w(v) = 32*v + 3. Suppose r + 20 = 3*y + 12, 5*r + 21 = -4*y. What is the units digit of w(y)?
5
Let b = 25765 - 17829. What is the hundreds digit of b?
9
Suppose -11*r + 378 = 3*r. Suppose -p + 359 = -r. What is the units digit of p?
6
What is the hundreds digit of 14899 + (-6 - -4) + 3?
9
Suppose 2*m = -3619 + 651. Let u = -1044 - m. Su